{"id":467,"date":"2015-08-21T01:18:15","date_gmt":"2015-08-21T01:18:15","guid":{"rendered":"http:\/\/republicapazeamor.com.br\/site\/?page_id=467"},"modified":"2021-02-09T18:19:33","modified_gmt":"2021-02-09T18:19:33","slug":"quem-somos","status":"publish","type":"page","link":"http:\/\/republicapazeamor.com.br\/site\/quem-somos\/","title":{"rendered":"Quem somos"},"content":{"rendered":"<div class=\"span12\">\n\t<\/div><div class='span6'>\n\t\t\t\t<img src=\"http:\/\/republicapazeamor.com.br\/site\/wp-content\/uploads\/2015\/01\/quem_somosft.jpg\" alt=\"\" \/>\n\t<\/div>\n<p>A Rep\u00fablica Paz &#038; Amor original nasceu na segunda d\u00e9cada do s\u00e9culo passado, no n\u00famero 22 da Praia do Flamengo, que era ao mesmo tempo sede do clube, garagem dos nossos barcos e dormit\u00f3rio pros nossos remadores. Fundada por Gentil Monteiro, Haroldo Borges Leit\u00e3o, Abelardo Melo e Jos\u00e9 Bastos Padilha, a Rep\u00fablica Paz &#038; Amor e seus personagens foram decisivos na constru\u00e7\u00e3o do mito Flamengo.<\/p>\n<p>A irrever\u00eancia e o bom humor, tra\u00e7os t\u00e3o caracter\u00edsticos da moderna torcida do Flamengo, nasceram ali na cabe\u00e7a de porco do 22 e terminaram por contaminar toda a Na\u00e7\u00e3o. Para maiores informa\u00e7\u00f5es sobre a Rep\u00fablica Paz &#038; Amor original n\u00e3o deixem de ler o seminal Hist\u00f3rias do Flamengo, de M\u00e1rio Filho.<\/p>\n<p>Esse humilde bloguinho, batizado em homenagem aos pais e tios da Na\u00e7\u00e3o, \u00e9 formado por rubro-negros racionais que se respeitam e se admiram. Mas que n\u00e3o abrem m\u00e3o de dar uma zoadinha na arco-\u00edris malvestida e invejosa. E \u00e0s vezes zoamos at\u00e9 a n\u00f3s mesmos, s\u00f3 pra ver se geral t\u00e1 esperto.<\/p>\n<p>Esperamos que voc\u00eas apare\u00e7am, leiam, comentem e se divirtam no Rep\u00fablica Paz &#038; Amor tanto como n\u00f3s que o fazemos.<\/p>\n<p>Paz &#038; Amor<\/p>\n<!-- AddThis Advanced Settings generic via filter on the_content --><!-- AddThis Share Buttons generic via filter on the_content -->","protected":false},"excerpt":{"rendered":"<p>A Rep\u00fablica Paz &#038; Amor original nasceu na segunda d\u00e9cada do s\u00e9culo passado, no n\u00famero 22 da Praia do Flamengo, que era ao mesmo tempo sede do clube, garagem dos nossos barcos e dormit\u00f3rio pros nossos remadores. Fundada por Gentil Monteiro, Haroldo Borges Leit\u00e3o, Abelardo Melo e Jos\u00e9 Bastos Padilha, a Rep\u00fablica Paz &#038; Amor &#8230; <a class=\"read-more-link\" href=\"http:\/\/republicapazeamor.com.br\/site\/quem-somos\/\">Read More <i class=\"ico-946\"><\/i><\/a><\/p>\n","protected":false},"author":1,"featured_media":0,"parent":0,"menu_order":0,"comment_status":"open","ping_status":"closed","template":"","meta":[],"_links":{"self":[{"href":"http:\/\/republicapazeamor.com.br\/site\/wp-json\/wp\/v2\/pages\/467"}],"collection":[{"href":"http:\/\/republicapazeamor.com.br\/site\/wp-json\/wp\/v2\/pages"}],"about":[{"href":"http:\/\/republicapazeamor.com.br\/site\/wp-json\/wp\/v2\/types\/page"}],"author":[{"embeddable":true,"href":"http:\/\/republicapazeamor.com.br\/site\/wp-json\/wp\/v2\/users\/1"}],"replies":[{"embeddable":true,"href":"http:\/\/republicapazeamor.com.br\/site\/wp-json\/wp\/v2\/comments?post=467"}],"version-history":[{"count":23,"href":"http:\/\/republicapazeamor.com.br\/site\/wp-json\/wp\/v2\/pages\/467\/revisions"}],"predecessor-version":[{"id":9287,"href":"http:\/\/republicapazeamor.com.br\/site\/wp-json\/wp\/v2\/pages\/467\/revisions\/9287"}],"wp:attachment":[{"href":"http:\/\/republicapazeamor.com.br\/site\/wp-json\/wp\/v2\/media?parent=467"}],"curies":[{"name":"wp","href":"https:\/\/api.w.org\/{rel}","templated":true}]}}