{"id":462,"date":"2015-11-21T00:36:57","date_gmt":"2015-11-21T00:36:57","guid":{"rendered":"http:\/\/republicapazeamor.com.br\/site\/?page_id=462"},"modified":"2018-11-24T00:17:46","modified_gmt":"2018-11-24T00:17:46","slug":"nivinha","status":"publish","type":"page","link":"http:\/\/republicapazeamor.com.br\/site\/nivinha\/","title":{"rendered":"Nivinha"},"content":{"rendered":"<div class=\"row\"><div class='span6'>\n\t\t\t\t<img src=\"http:\/\/republicapazeamor.com.br\/site\/wp-content\/uploads\/2015\/01\/nivinha_ftbio.jpg\" alt=\"\" \/>\n\t<\/div><div class=\"span6\">\n\t N\u00edvea Richa ou apenas Nivinha. Nascida em Cantagalo, interior do Rio.<br \/>\nAtualmente tijucana.<br \/>\nNo mundo desde a Toyota Cup, mas Flamengo antes de ser concebida pelo pai rubro-negro e m\u00e3e vasca\u00edna.<br \/>\nO amor pelo futebol a fez Professora de Educa\u00e7\u00e3o F\u00edsica.<br \/>\nA paix\u00e3o pelo Mais Querido levou a atriz a encarar uma c\u00e2mera para falar do Meng\u00e3o.<br \/>\nAqui s\u00f3 se fala de Flamengo (ok, a arcoirizada \u00e9 citada, afinal, precisamos deles pra zoar).<\/p>\n<div style=\"height: 10px; display: block; width: 100%; clear: both;\">\n<\/div><br \/>\n<h2 class='about-item-title text-uppercase' style=\"color: #393939\">\n\tRedes sociais<\/h2><div class=\"clearfix\"><\/div>\n<div class='social-follow'>\n\t\t\t<a href='http:\/\/instagram.com\/nivinhafla\/'>\n\t\t\t<span class='icon-social_instagram_square'><\/span>\n\t\t<\/a>\n\t\t\t\t\t<a href='https:\/\/www.facebook.com\/pages\/Nivinha\/200698283402394?fref=ts'>\n\t\t\t<span class='icon-social_facebook_square'><\/span>\n\t\t<\/a>\n\t\t\t\t\t<a href='https:\/\/twitter.com\/nivinhafla'>\n\t\t\t<span class='icon-social_twitter_square'><\/span>\n\t\t<\/a>\n\t\t\t\t\t\t<\/div>\n<\/div><\/div>\n<p>&nbsp;<\/p>\n<p>&nbsp;<\/p>\n<!-- AddThis Advanced Settings generic via filter on the_content --><!-- AddThis Share Buttons generic via filter on the_content -->","protected":false},"excerpt":{"rendered":"<p>&nbsp; &nbsp;<\/p>\n","protected":false},"author":1,"featured_media":0,"parent":0,"menu_order":0,"comment_status":"open","ping_status":"closed","template":"","meta":[],"_links":{"self":[{"href":"http:\/\/republicapazeamor.com.br\/site\/wp-json\/wp\/v2\/pages\/462"}],"collection":[{"href":"http:\/\/republicapazeamor.com.br\/site\/wp-json\/wp\/v2\/pages"}],"about":[{"href":"http:\/\/republicapazeamor.com.br\/site\/wp-json\/wp\/v2\/types\/page"}],"author":[{"embeddable":true,"href":"http:\/\/republicapazeamor.com.br\/site\/wp-json\/wp\/v2\/users\/1"}],"replies":[{"embeddable":true,"href":"http:\/\/republicapazeamor.com.br\/site\/wp-json\/wp\/v2\/comments?post=462"}],"version-history":[{"count":8,"href":"http:\/\/republicapazeamor.com.br\/site\/wp-json\/wp\/v2\/pages\/462\/revisions"}],"predecessor-version":[{"id":5168,"href":"http:\/\/republicapazeamor.com.br\/site\/wp-json\/wp\/v2\/pages\/462\/revisions\/5168"}],"wp:attachment":[{"href":"http:\/\/republicapazeamor.com.br\/site\/wp-json\/wp\/v2\/media?parent=462"}],"curies":[{"name":"wp","href":"https:\/\/api.w.org\/{rel}","templated":true}]}}